{"id":170,"date":"2016-02-05T21:51:38","date_gmt":"2016-02-05T20:51:38","guid":{"rendered":"http:\/\/localhost:81\/bovile\/?page_id=170"},"modified":"2022-04-01T08:32:13","modified_gmt":"2022-04-01T07:32:13","slug":"sites-de-peche-golfe-du-morbihan-bretagne","status":"publish","type":"page","link":"https:\/\/www.rioguidepechepro.fr\/index.php\/sites-de-peche-golfe-du-morbihan-bretagne\/","title":{"rendered":"Sites de p\u00eache- Guide de p\u00eache"},"content":{"rendered":"<p>[vc_row][vc_column][vc_custom_heading text=\u00a0\u00bbLe Golfe du Morbihan\u00a0\u00bb font_container=\u00a0\u00bbtag:h2|text_align:center|color:%23001b6d\u00a0\u00bb use_theme_fonts=\u00a0\u00bbyes\u00a0\u00bb][vc_column_text]<\/p>\n<p style=\"text-align: center;\">Bonjour et bienvenue dans l&rsquo;une des plus belles baies du monde, le Golfe du Morbihan&#8230;<\/p>\n<p>Je vous propose de venir d\u00e9couvrir la p\u00eache au Bar dans le Golfe du Morbihan, baie d&rsquo;environ 12000 hectares et ses 365 \u00eeles, selon la l\u00e9gende, soit autant que de jours dans l&rsquo;ann\u00e9e ! La v\u00e9rit\u00e9 se situe plut\u00f4t autour de 53, inhabit\u00e9es pour la plupart. Les plus connues se pr\u00e9nomment&nbsp; l&rsquo;\u00eele aux Moines et l&rsquo;\u00eele d&rsquo;Arz, Brannec, Govihan, la Jument, Berder et Gavrinis, l&rsquo;\u00eele Longue, Ilur et Iluric\u2026<\/p>\n<p>Bref, vous l&rsquo;aurez compris, le Golfe est un lieu magique ou une simple journ\u00e9e de p\u00eache en bateau prend une toute autre dimension.<\/p>\n<p>Quand la m\u00e9t\u00e9o le permet et que le besoin s&rsquo;en fait sentir, je n&rsquo;oublie pas de vous faire d\u00e9couvrir les plateaux rocheux ext\u00e9rieurs du Golfe et ses alentours.<\/p>\n<p>&nbsp;<\/p>\n<p style=\"text-align: center;\">Envie de changer d&rsquo;air, de vous \u00e9vader,&nbsp;venez&nbsp;p\u00eacher, je m&rsquo;occupe de tout !<\/p>\n<p>[\/vc_column_text][\/vc_column][\/vc_row][vc_row full_width=\u00a0\u00bbstretch_row\u00a0\u00bb][vc_column width=\u00a0\u00bb1\/4&Prime;][vc_custom_heading text=\u00a0\u00bbC\u00f4t\u00e9 pratique :\u00a0\u00bb font_container=\u00a0\u00bbtag:h2|text_align:left|color:%23001b7c\u00a0\u00bb use_theme_fonts=\u00a0\u00bbyes\u00a0\u00bb][\/vc_column][\/vc_row][vc_row][vc_column][vc_column_text]Les d\u00e9parts se font de la cale de mise \u00e0 l\u2019eau du port du Log\u00e9o, \u00e0 Sarzeau.<\/p>\n<p>(un grand parking gratuit se trouve \u00e0 gauche du petit rond point , juste en arrivant en haut du village du Log\u00e9o, parking situ\u00e9 \u00e0 environ 5 minutes \u00e0 pied de la cale de mise \u00e0 l\u2019eau).[\/vc_column_text][\/vc_column][\/vc_row][vc_row][vc_column][vc_gallery interval=\u00a0\u00bb3&Prime; images=\u00a0\u00bb1977,1588,1205,1206&Prime; img_size=\u00a0\u00bbfull\u00a0\u00bb][\/vc_column][\/vc_row]<\/p>\n","protected":false},"excerpt":{"rendered":"<p>[vc_row][vc_column][vc_custom_heading text=\u00a0\u00bbLe Golfe du Morbihan\u00a0\u00bb font_container=\u00a0\u00bbtag:h2|text_align:center|color:%23001b6d\u00a0\u00bb use_theme_fonts=\u00a0\u00bbyes\u00a0\u00bb][vc_column_text] Bonjour et bienvenue dans l&rsquo;une des plus belles baies du monde, le Golfe du Morbihan&#8230; Je vous propose de venir d\u00e9couvrir la p\u00eache au Bar dans le Golfe du Morbihan, baie d&rsquo;environ 12000 hectares et ses 365 \u00eeles, selon la l\u00e9gende, soit autant que de jours dans l&rsquo;ann\u00e9e [&hellip;]<\/p>\n","protected":false},"author":2,"featured_media":0,"parent":0,"menu_order":0,"comment_status":"closed","ping_status":"closed","template":"full-frontpage.php","meta":{"footnotes":""},"class_list":["post-170","page","type-page","status-publish","hentry"],"_links":{"self":[{"href":"https:\/\/www.rioguidepechepro.fr\/index.php\/wp-json\/wp\/v2\/pages\/170","targetHints":{"allow":["GET"]}}],"collection":[{"href":"https:\/\/www.rioguidepechepro.fr\/index.php\/wp-json\/wp\/v2\/pages"}],"about":[{"href":"https:\/\/www.rioguidepechepro.fr\/index.php\/wp-json\/wp\/v2\/types\/page"}],"author":[{"embeddable":true,"href":"https:\/\/www.rioguidepechepro.fr\/index.php\/wp-json\/wp\/v2\/users\/2"}],"replies":[{"embeddable":true,"href":"https:\/\/www.rioguidepechepro.fr\/index.php\/wp-json\/wp\/v2\/comments?post=170"}],"version-history":[{"count":53,"href":"https:\/\/www.rioguidepechepro.fr\/index.php\/wp-json\/wp\/v2\/pages\/170\/revisions"}],"predecessor-version":[{"id":4733,"href":"https:\/\/www.rioguidepechepro.fr\/index.php\/wp-json\/wp\/v2\/pages\/170\/revisions\/4733"}],"wp:attachment":[{"href":"https:\/\/www.rioguidepechepro.fr\/index.php\/wp-json\/wp\/v2\/media?parent=170"}],"curies":[{"name":"wp","href":"https:\/\/api.w.org\/{rel}","templated":true}]}}