{"id":229,"date":"2016-02-06T10:20:18","date_gmt":"2016-02-06T09:20:18","guid":{"rendered":"http:\/\/localhost:81\/bovile\/?page_id=229"},"modified":"2025-12-16T08:13:59","modified_gmt":"2025-12-16T07:13:59","slug":"reservations-en-ligne-guide-de-peche-en-mer-morbihan-tourisme-bretagne","status":"publish","type":"page","link":"https:\/\/www.rioguidepechepro.fr\/index.php\/reservations-en-ligne-guide-de-peche-en-mer-morbihan-tourisme-bretagne\/","title":{"rendered":"R\u00e9servations- tarifs 2025\/2026- R\u00e9servations en ligne"},"content":{"rendered":"<p>[vc_row content_placement=\u00a0\u00bbmiddle\u00a0\u00bb][vc_column width=\u00a0\u00bb1\/3&Prime;][vc_contactinfo contactheading=\u00a0\u00bbSend Your Message\u00a0\u00bb contactdescription=\u00a0\u00bbOur Great Skilled Workers\u00a0\u00bb iconimg_url=\u00a0\u00bb99&Prime; lat_lng1=\u00a0\u00bb-37.471308&Prime; locationimage=\u00a0\u00bb77&Prime; address=\u00a0\u00bbDesign Street, Omaha, United Statess\u00a0\u00bb phoneimage=\u00a0\u00bb79&Prime; phone1=\u00a0\u00bb(01)987654321s\u00a0\u00bb phone2=\u00a0\u00bb(01)987654321s\u00a0\u00bb mailimage=\u00a0\u00bb78&Prime; mail1=\u00a0\u00bbinfo@company.coms\u00a0\u00bb mail2=\u00a0\u00bbsupport@company.coms\u00a0\u00bb lat_lng2=\u00a0\u00bb144.785153&Prime; markerimg=\u00a0\u00bb86&Prime; section_id=\u00a0\u00bbcontact\u00a0\u00bb]<p class=\"wpcf7-contact-form-not-found\"><strong>Erreur\u00a0:<\/strong> Formulaire de contact non trouv\u00e9\u00a0!<\/p>[\/vc_contactinfo][vc_column_text][\/vc_column_text][\/vc_column][vc_column width=\u00a0\u00bb1\/3&Prime;][vc_raw_html]JTIwJTNDZGl2JTIwaWQlM0QlMjJDb25zdGVsbGF0aW9uV2lkZ2V0Q29udGFpbmVyODY5YjVhYzAtNmE2OS00NjhjLTllZmItMzE5OTM4MWFhNWJhJTIyJTIwc3R5bGUlM0QlMjJ3aWR0aCUzQTEwMCUyNSUyMiUyMHRpdGxlJTNEJTIyTWlja2ElMjYlMjMyMzUlM0JsJTIwUklPJTIwLSUyMEd1aWRlJTIwZGUlMjBQJTI2JTIzMjM0JTNCY2hlJTIwUHJvZmVzc2lvbm5lbCUyMiUyMGRhdGEtaWQtcHJvamV0JTNEJTI3ODY5YjVhYzA2YTY5NDY4YzllZmIzMTk5MzgxYWE1YmElMjclM0VDaGFyZ2VtZW50JTIwZW4lMjBjb3Vycy4uLiUzQyUyRmRpdiUzRSUyMCUzQ3NjcmlwdCUyMHR5cGUlM0QlMjJ0ZXh0JTJGamF2YXNjcmlwdCUyMiUyMHNyYyUzRCUyMmh0dHBzJTNBJTJGJTJGcmVzZXJ2YXRpb24uZWxsb2hhLmNvbSUyRlNjcmlwdHMlMkZ3aWRnZXQtbG9hZGVyLm1pbi5qcyUzRnYlM0QzNSUyMiUzRSUzQyUyRnNjcmlwdCUzRSUyMCUzQ3NjcmlwdCUyMHR5cGUlM0QlMjJ0ZXh0JTJGamF2YXNjcmlwdCUyMiUzRXZhciUyMGNvbnN0ZWxsYXRpb25XaWRnZXRVcmw4NjliNWFjMDZhNjk0NjhjOWVmYjMxOTkzODFhYTViYSUyQyUyMGNvbnN0ZWxsYXRpb25UeXBlTW9kdWxlODY5YjVhYzA2YTY5NDY4YzllZmIzMTk5MzgxYWE1YmElM0IlMjBjb25zdGVsbGF0aW9uV2lkZ2V0VXJsODY5YjVhYzA2YTY5NDY4YzllZmIzMTk5MzgxYWE1YmElMjAlM0QlMjAlMjdodHRwcyUzQSUyRiUyRnJlc2VydmF0aW9uLmVsbG9oYS5jb20lMkZXaWRnZXQlMkZCb29raW5nRW5naW5lJTJGODY5YjVhYzAtNmE2OS00NjhjLTllZmItMzE5OTM4MWFhNWJhJTNGaWRvaSUzRGIyZWNjMWY0LTE3ZTMtNGZmYy1iNWI0LTZlYjhlN2ZhMDkzZSUyNmN1bHR1cmUlM0Rmci1GUiUyNyUzQiUyMGNvbnN0ZWxsYXRpb25UeXBlTW9kdWxlODY5YjVhYzA2YTY5NDY4YzllZmIzMTk5MzgxYWE1YmElM0QxJTNCJTIwY29uc3RlbGxhdGlvbldpZGdldExvYWQlMjglMjdDb25zdGVsbGF0aW9uV2lkZ2V0Q29udGFpbmVyODY5YjVhYzAtNmE2OS00NjhjLTllZmItMzE5OTM4MWFhNWJhJTI3JTI5JTNCJTIwY29uc3RlbGxhdGlvbldpZGdldEFkZEV2ZW50JTI4d2luZG93JTJDJTIwJTIycmVzaXplJTIyJTJDJTIwZnVuY3Rpb24lMjAlMjglMjklMjAlN0IlMjBjb25zdGVsbGF0aW9uV2lkZ2V0U2V0QXBwZWFyYW5jZSUyOCUyN0NvbnN0ZWxsYXRpb25XaWRnZXRDb250YWluZXI4NjliNWFjMC02YTY5LTQ2OGMtOWVmYi0zMTk5MzgxYWE1YmElMjclMjklM0IlMjAlN0QlMjklM0IlM0MlMkZzY3JpcHQlM0UlMjA=[\/vc_raw_html][vc_column_text]<em><strong>Pour r\u00e9server de votre stage de p\u00eache, vous pouvez choisir la r\u00e9servation en ligne via l&rsquo;onglet ci-dessus&#8230; Cliquez sur la date souhait\u00e9e, choisissez votre formule et les horaires puis valider avec votre empreinte bancaire, elle sert \u00e0 garantir la r\u00e9servation (pas de pr\u00e9l\u00e8vement), le paiement se fait sur place la jour de la sortie.<\/strong><\/em><\/p>\n<p><em><strong>Attention !<\/strong><\/em><\/p>\n<p><em><strong>Onglet en rouge: c&rsquo;est complet ! <\/strong><\/em><\/p>\n<p><em><strong>Onglet en vert: il reste au moins une place (cliquer pour connaitre le nombre de place restante.<\/strong><\/em><\/p>\n<p>&nbsp;<\/p>\n<p><em><strong>Une autre solution de r\u00e9servation est possible en me retournant la fiche de renseignement ci-dessous par mail \u00e0 (mickael.rio56@orange.fr), une fois la date bloqu\u00e9e par t\u00e9l\u00e9phone et suivis de votre virement (RIB sur demande) ou par courrier accompagn\u00e9e de votre r\u00e8glement (ch\u00e8que d&rsquo;arrhe de 30% du montant de la prestation),\u00a0 le tout \u00e0 renvoyer \u00e0 l&rsquo;adresse suivante: <\/strong><\/em><\/p>\n<p><em><strong>Micka\u00ebl RIO -Guide de p\u00eache- 33 Rue de Calvaire, le Bois &#8211; 56350 SAINT-VINCENT-SUR-OUST<\/strong><\/em><\/p>\n<p><a href=\"http:\/\/www.rioguidepechepro.fr\/wp-content\/uploads\/2019\/03\/Fiche-de-renseignements-2019.pdf\">Fiche de renseignements 2021<\/a><\/p>\n<p><em><strong>Vous souhaitez conna\u00eetre mes disponibilit\u00e9s ou avoir d&rsquo;avantages de renseignements, n&rsquo;h\u00e9sitez pas \u00e0 me contacter par SMS ou par t\u00e9l\u00e9phone au 06.87.52.61.32, ou via mon mail \u00e0 <\/strong><a href=\"mailto:mickael.rio56@orange.fr\"><strong>mickael.rio56@orange.fr<\/strong><\/a><\/em>[\/vc_column_text][\/vc_column][vc_column width=\u00a0\u00bb1\/3&Prime;][\/vc_column][\/vc_row][vc_row][vc_column width=\u00a0\u00bb1\/3&Prime;][vc_single_image image=\u00a0\u00bb3189&Prime; img_size=\u00a0\u00bbfull\u00a0\u00bb][\/vc_column][vc_column width=\u00a0\u00bb1\/3&Prime;][\/vc_column][vc_column][\/vc_column][\/vc_row][vc_row][vc_column][\/vc_column][\/vc_row][vc_row][vc_column][\/vc_column][\/vc_row]<\/p>\n","protected":false},"excerpt":{"rendered":"<p>[vc_row content_placement=\u00a0\u00bbmiddle\u00a0\u00bb][vc_column width=\u00a0\u00bb1\/3&Prime;][vc_contactinfo contactheading=\u00a0\u00bbSend Your Message\u00a0\u00bb contactdescription=\u00a0\u00bbOur Great Skilled Workers\u00a0\u00bb iconimg_url=\u00a0\u00bb99&Prime; lat_lng1=\u00a0\u00bb-37.471308&Prime; locationimage=\u00a0\u00bb77&Prime; address=\u00a0\u00bbDesign Street, Omaha, United Statess\u00a0\u00bb phoneimage=\u00a0\u00bb79&Prime; phone1=\u00a0\u00bb(01)987654321s\u00a0\u00bb phone2=\u00a0\u00bb(01)987654321s\u00a0\u00bb mailimage=\u00a0\u00bb78&Prime; mail1=\u00a0\u00bbinfo@company.coms\u00a0\u00bb mail2=\u00a0\u00bbsupport@company.coms\u00a0\u00bb lat_lng2=\u00a0\u00bb144.785153&Prime; markerimg=\u00a0\u00bb86&Prime; section_id=\u00a0\u00bbcontact\u00a0\u00bb][\/vc_contactinfo][vc_column_text][\/vc_column_text][\/vc_column][vc_column width=\u00a0\u00bb1\/3&Prime;][vc_raw_html]JTIwJTNDZGl2JTIwaWQlM0QlMjJDb25zdGVsbGF0aW9uV2lkZ2V0Q29udGFpbmVyODY5YjVhYzAtNmE2OS00NjhjLTllZmItMzE5OTM4MWFhNWJhJTIyJTIwc3R5bGUlM0QlMjJ3aWR0aCUzQTEwMCUyNSUyMiUyMHRpdGxlJTNEJTIyTWlja2ElMjYlMjMyMzUlM0JsJTIwUklPJTIwLSUyMEd1aWRlJTIwZGUlMjBQJTI2JTIzMjM0JTNCY2hlJTIwUHJvZmVzc2lvbm5lbCUyMiUyMGRhdGEtaWQtcHJvamV0JTNEJTI3ODY5YjVhYzA2YTY5NDY4YzllZmIzMTk5MzgxYWE1YmElMjclM0VDaGFyZ2VtZW50JTIwZW4lMjBjb3Vycy4uLiUzQyUyRmRpdiUzRSUyMCUzQ3NjcmlwdCUyMHR5cGUlM0QlMjJ0ZXh0JTJGamF2YXNjcmlwdCUyMiUyMHNyYyUzRCUyMmh0dHBzJTNBJTJGJTJGcmVzZXJ2YXRpb24uZWxsb2hhLmNvbSUyRlNjcmlwdHMlMkZ3aWRnZXQtbG9hZGVyLm1pbi5qcyUzRnYlM0QzNSUyMiUzRSUzQyUyRnNjcmlwdCUzRSUyMCUzQ3NjcmlwdCUyMHR5cGUlM0QlMjJ0ZXh0JTJGamF2YXNjcmlwdCUyMiUzRXZhciUyMGNvbnN0ZWxsYXRpb25XaWRnZXRVcmw4NjliNWFjMDZhNjk0NjhjOWVmYjMxOTkzODFhYTViYSUyQyUyMGNvbnN0ZWxsYXRpb25UeXBlTW9kdWxlODY5YjVhYzA2YTY5NDY4YzllZmIzMTk5MzgxYWE1YmElM0IlMjBjb25zdGVsbGF0aW9uV2lkZ2V0VXJsODY5YjVhYzA2YTY5NDY4YzllZmIzMTk5MzgxYWE1YmElMjAlM0QlMjAlMjdodHRwcyUzQSUyRiUyRnJlc2VydmF0aW9uLmVsbG9oYS5jb20lMkZXaWRnZXQlMkZCb29raW5nRW5naW5lJTJGODY5YjVhYzAtNmE2OS00NjhjLTllZmItMzE5OTM4MWFhNWJhJTNGaWRvaSUzRGIyZWNjMWY0LTE3ZTMtNGZmYy1iNWI0LTZlYjhlN2ZhMDkzZSUyNmN1bHR1cmUlM0Rmci1GUiUyNyUzQiUyMGNvbnN0ZWxsYXRpb25UeXBlTW9kdWxlODY5YjVhYzA2YTY5NDY4YzllZmIzMTk5MzgxYWE1YmElM0QxJTNCJTIwY29uc3RlbGxhdGlvbldpZGdldExvYWQlMjglMjdDb25zdGVsbGF0aW9uV2lkZ2V0Q29udGFpbmVyODY5YjVhYzAtNmE2OS00NjhjLTllZmItMzE5OTM4MWFhNWJhJTI3JTI5JTNCJTIwY29uc3RlbGxhdGlvbldpZGdldEFkZEV2ZW50JTI4d2luZG93JTJDJTIwJTIycmVzaXplJTIyJTJDJTIwZnVuY3Rpb24lMjAlMjglMjklMjAlN0IlMjBjb25zdGVsbGF0aW9uV2lkZ2V0U2V0QXBwZWFyYW5jZSUyOCUyN0NvbnN0ZWxsYXRpb25XaWRnZXRDb250YWluZXI4NjliNWFjMC02YTY5LTQ2OGMtOWVmYi0zMTk5MzgxYWE1YmElMjclMjklM0IlMjAlN0QlMjklM0IlM0MlMkZzY3JpcHQlM0UlMjA=[\/vc_raw_html][vc_column_text]Pour r\u00e9server de votre stage de p\u00eache, vous pouvez choisir la r\u00e9servation en ligne via l&rsquo;onglet ci-dessus&#8230; Cliquez sur la date souhait\u00e9e, choisissez votre formule et les horaires [&hellip;]<\/p>\n","protected":false},"author":2,"featured_media":0,"parent":0,"menu_order":0,"comment_status":"closed","ping_status":"closed","template":"full-frontpage.php","meta":{"footnotes":""},"class_list":["post-229","page","type-page","status-publish","hentry"],"_links":{"self":[{"href":"https:\/\/www.rioguidepechepro.fr\/index.php\/wp-json\/wp\/v2\/pages\/229","targetHints":{"allow":["GET"]}}],"collection":[{"href":"https:\/\/www.rioguidepechepro.fr\/index.php\/wp-json\/wp\/v2\/pages"}],"about":[{"href":"https:\/\/www.rioguidepechepro.fr\/index.php\/wp-json\/wp\/v2\/types\/page"}],"author":[{"embeddable":true,"href":"https:\/\/www.rioguidepechepro.fr\/index.php\/wp-json\/wp\/v2\/users\/2"}],"replies":[{"embeddable":true,"href":"https:\/\/www.rioguidepechepro.fr\/index.php\/wp-json\/wp\/v2\/comments?post=229"}],"version-history":[{"count":32,"href":"https:\/\/www.rioguidepechepro.fr\/index.php\/wp-json\/wp\/v2\/pages\/229\/revisions"}],"predecessor-version":[{"id":4855,"href":"https:\/\/www.rioguidepechepro.fr\/index.php\/wp-json\/wp\/v2\/pages\/229\/revisions\/4855"}],"wp:attachment":[{"href":"https:\/\/www.rioguidepechepro.fr\/index.php\/wp-json\/wp\/v2\/media?parent=229"}],"curies":[{"name":"wp","href":"https:\/\/api.w.org\/{rel}","templated":true}]}}